- 26*a - 15 = 0. Let b(f) = 4*f - 11. Calculate b(r).
-11
Let r(s) = 2*s**3 - s**2 + 21*s + 22. Suppose 42 = -5*l + 47, 3*w = l - 4. Calculate r(w).
-2
Let n(r) = -116*r + 60*r + 50*r - 1. Let x = 0 + -1. Determine n(x).
5
Let s(g) = -g**2 - 98*g + 632. Let q be s(-104). Let z(h) = -2*h**2 + 18*h - 16. Calculate z(q).
0
Suppose -6*a + 4878 = -570. Let v(q) = -1813*q - 3 + a*q + 900*q. Give v(-3).
12
Let u(p) be the second derivative of 11*p**3/6 + p**2/2 - 5*p + 10. Determine u(1).
12
Let t(k) be the third derivative of -13*k**4/24 + 17*k**3/6 - 1614*k**2. Give t(5).
-48
Let k be 3/((-6)/27 + 186/108). Suppose -2*x + 4*b = -6, 0 = -x + 3*b + 5 + k. Let f(i) = 7*i + 2. Determine f(x).
-33
Let n = -6508 + 6508. Let t(y) = -3*y - 10. Determine t(n).
-10
Let x(o) be the third derivative of -o**5/60 - o**4/2 - 37*o**3/6 - 5*o**2 - 56. Calculate x(-7).
-2
Suppose -3*l + 24 = 3*d, 2*l + 4*d + 568 - 572 = 0. Let z(j) = j**2 - 16*j + 7. What is z(l)?
-21
Let b(p) = p - 5. Suppose o - 1 = 3*n, -7*n = -3*n + o - 1. Let x be (4/(-6))/((-4)/(-24)) + n. Calculate b(x).
-9
Let x(j) = -2*j**3 - 4*j**2 + 2*j + 9. Suppose -6*n + 4*n - 10 = 4*p, p + 5*n + 7 = 0. Determine x(p).
5
Let n(z) = -30*z**2 + 2 + z + 55*z**2 - 22*z**2. Calculate n(-2).
12
Let b(u) = 3*u + 13. Let m(a) = a. Let q(w) = -w + 10. Let i(s) = -2*m(s) - q(s). Let d be i(-6). Determine b(d).
1
Let v(c) be the second derivative of c**5/20 - 2*c**4/3 + 7*c**3/6 - 6*c**2 - 589*c + 2. Give v(7).
-12
Let y be 0 - (2 + 0) - 3. Let v(l) be the second derivative of l**4/4 + l**3 - 2*l**2 - l + 2295. Determine v(y).
41
Let h(m) = 2*m + 6*m**2 - 11*m - 2*m**2 + 57. Let t(j) = j**2 - 2*j + 14. Let g be 4/(-10) + (-12)/21 + (-281)/35. Let s(d) = g*t(d) + 2*h(d). Determine s(0).
-12
Let y(v) = 36 - 963*v + 1908*v - 955*v. Give y(4).
-4
Let k = 6444 - 6432. Let m(h) be the first derivative of h**4/4 - 11*h**3/3 - 11*h**2/2 + h + 17. Calculate m(k).
13
Let q(w) = w**2 - 3*w**2 + 24 + 3*w**2 + 6*w - 19. Let p be (0 - 0)*(0 + (-2)/2). Suppose -7*f + 2*f - 25 = p. Calculate q(f).
0
Let n(q) = 3*q**2 - 8 - 1 - 31*q**2 + 26*q**2 + 12*q - 3. Determine n(4).
4
Let x(n) = -n**3 - 17*n**2 - 64*n - 46. Let s be x(-12). Let l(z) = -3 + 2876*z + 0 - z**s - 2877*z. What is l(2)?
-9
Let t be (-3)/6*-4 + 3 + 9. Let q(m) = 11*m**2 - t + m**3 - 2*m + 17 + 13*m. Let s be -1*(13 + (-6 - -3)). Give q(s).
-7
Let h(u) = -u**2 - u - 32. Suppose 3*n - 1 = 5*j + 95, -2*j - 64 = -2*n. Suppose -n*k = -38*k. What is h(k)?
-32
Let u(h) be the third derivative of h**8/20160 - h**7/360 + h**6/72 + 17*h**5/20 + 4*h**2 - 3. Let c(a) be the third derivative of u(a). Determine c(13).
-3
Suppose 4*b = -3*i + 16, 3*i - 5*b + 8 = 15. Let m(h) = 2*h**3 - 6*h**2 + 4*h + 3. Give m(i).
51
Let y(n) = 286*n**2 - 3 - 11*n - 7 - 588*n**2 + 299*n**2. Give y(-1).
-2
Let m(a) = -16*a**2 + 7*a - 30. Let j(o) = 21*o**2 - 11*o + 33. Let y(w) = -3*j(w) - 4*m(w). Give y(-9).
57
Let b(q) be the first derivative of -14*q**2 - 4*q + 2329. Give b(-1).
24
Let v(z) = 4*z - 26*z**2 + z - 9*z - 2*z + z**3 - z - 2 + 30*z**2. Suppose 5*j + 22 + 3 = 0. Determine v(j).
8
Let k be -1 + (-1)/((-2)/(-14)). Let w(t) = 8 + 240*t - 172*t - 66*t. Calculate w(k).
-8
Let u(o) = o - 3. Suppose 71 - 79 = -4*n. Suppose 8 = n*b - 2. Suppose -b*z = -7 + 7. Calculate u(z).
-3
Let b(c) = 35*c**2 - 53*c + 72. Let x(y) = 7*y**2 - 10*y + 14. Let n(z) = 3*b(z) - 16*x(z). Determine n(-3).
-74
Let b = 6 + -4. Suppose 7*f = 517 + 2738. Let c(u) = -225*u + 1 - 241*u + f*u - 2*u**3. Determine c(b).
-17
Let d = -3184 + 3189. Let g(r) = 3*r - 20. Calculate g(d).
-5
Suppose -441*t = -861*t + 440*t. Let s(k) = -39*k - 8. Calculate s(t).
-8
Let k(s) = -s**3 - 16*s**2 - 20*s - 78. Let o be k(-15). Let c(p) = 5*p**2 + 25*p - 7. Let i(x) = 4*x**2 + 18*x - 7. Let b(f) = o*c(f) + 4*i(f). Calculate b(6).
11
Let r(a) = a**2 - a + 1. Let x(g) = -6*g + 1 - 1. Let t be 2/3 + (-128)/(-384). Let m(l) = t*r(l) + x(l). What is m(3)?
-11
Let i(l) = -2*l**2 + 23*l + 372. Let w(x) = -x**2 + 11*x + 184. Let r(c) = -8*i(c) + 17*w(c). Calculate r(-11).
-2
Suppose 8*i + v + 28 = 5*i, 3*v = 5*i + 28. Let b be 12/i*(192/(-9) - -2). Let z(d) = -6 + 3 - 24*d - d**3 + b*d - 4*d**2. Give z(-5).
-3
Let g be 44/8 - 2/(-4). Let j(n) = 19*n**3 - 34*n**2 + 2*n + 26. Let i(w) = -7*w**3 + 12*w**2 - w - 9. Let q(u) = 8*i(u) + 3*j(u). What is q(g)?
-6
Let y(x) = 8. Let r(u) = 8*u - 83. Let o(f) = r(f) + y(f). Calculate o(5).
-35
Let c(d) = -43*d**2 - d - 1. Let f be (-28)/8*100/(-35) - 11. Give c(f).
-43
Let w = 1347 - 1346. Let z(p) = -3*p**2 + 2*p - 1. What is z(w)?
-2
Let p(y) = y**3 - 2*y**2 - 4*y + 3. Let x be (-3)/(0 - (0 + 1)). Let s be p(x). Let b(c) = s + c + 1 + 3. Determine b(0).
4
Let d(p) = 27131 + 12*p**2 - 27146 + 0*p**3 - p**3 - 3*p - 6*p**2. Calculate d(4).
5
Let q = 147 + 27. Let b = 173 - q. Let x(r) = -28*r**2 - 1. Determine x(b).
-29
Let o = -181 - -183. Let h(x) = -30 - x**o - 34 + 67 + 5*x. Calculate h(4).
7
Suppose 5 = -5*h, 2 = -4*i - 5*h + 13. Suppose 5*l + 3*b = 36, -5*l = i*b - 23 - 15. Let n(v) = -l + 13 + 6*v**2 - 10*v**3 + 11*v**3 + 3*v. Calculate n(-5).
17
Let v = 241 + -242. Let p(k) = -120*k**2 + 2*k + 2. Determine p(v).
-120
Let x be 328/(-14) + (-4)/7. Let g be ((-366)/8)/(x/32). Let v(w) = 27 - w - g + 30. Determine v(8).
-12
Let b(y) = y**2 + 36*y + 249. Suppose 28*m - 4*t - 132 = 32*m, 0 = 3*m - t + 75. Determine b(m).
6
Suppose 14*x = 7*x + 70. Let b(h) = -30234*h**2 - 3 + 2*h - x*h + 30233*h**2 + 5. Suppose 2*i + 2*i = -n - 19, -3*i - 2*n - 8 = 0. Give b(i).
14
Suppose -5*f = -4*j + 36, -4*f - 2*j = 9 - 1. Let k(a) be the second derivative of 2*a + 1/12*a**4 + 0 - 1/6*a**3 - 5/2*a**2. Give k(f).
15
Let i(k) = -k**3 - 4*k - 2. Let o be (0/(8/4))/(7 - 5). Calculate i(o).
-2
Let r(v) be the first derivative of 5*v**3 + 3*v**2/2 + v + 2135. What is r(0)?
1
Let t(d) = d**2 + 10. Let a = 49 - 46. Suppose -a*y - 1 = 2*v, 0 = -5*v + 4*y - 2*y + 26. Suppose 3*p = v*p. Give t(p).
10
Suppose -5*z + w = 452, -2*z - 75 = -2*w + 109. Let d be 4/3*z/(-20). Let n(j) = 2*j - 9. What is n(d)?
3
Let r(k) be the first derivative of k**3/3 + 4*k**2 - 9*k + 3311. Calculate r(-6).
-21
Let w(b) = b**2 - 10*b + 24. Let d be (-560)/(-80) - (2 - -1). Determine w(d).
0
Let q(d) = 447*d + 1332. Let v be q(-3). Let n(f) = -f**3 - 9*f**2 - 2*f + 18. Give n(v).
36
Let v(m) be the first derivative of 1/4*m**4 + 22 - 1/2*m**2 + 16*m - 4*m**3. Determine v(12).
4
Let w(j) = -j**2 + 5*j. Let d(q) = q**2 - 2*q + 4. Let y be d(0). Suppose -2*x = y + 4. Let f = x - -7. Give w(f).
6
Suppose 2*w = -w + 18. Let d(u) = 27 + w*u - 3*u - u. Let a be d(-11). Let r(f) = f**2 - 4*f + 1. What is r(a)?
6
Let o(i) = i**2 + 2*i - 1. Let g = 262 - 346. Let t be (-1)/(-3) - g/126. Give o(t).
2
Let p = -128 + 133. Let v(a) = 7*a**3 - p*a**2 - 2*a**3 - 5 - 6*a**3 - 2*a. Determine v(-5).
5
Let u(y) = -22*y + 6. Let n(o) = 25*o - 4. Let w(z) = 3*n(z) + 4*u(z). Let r(j) = 7*j - 6. Let t(a) = 11*r(a) + 6*w(a). Calculate t(5).
1
Let w(h) = 7*h - 6. Let s(k) = 3*k + 1. Let v(g) = -3. Let o(l) = -s(l) - v(l). Let p(a) = 11*o(a) + 4*w(a). What is p(-6)?
28
Let w be 0 + 9/(-3)*1 + 33. Let x be (-40)/12*2*(-84)/(-16). Let g = x + w. Let k(t) = t + 10. Give k(g).
5
Suppose 0 = -4*q + 16, -2*q + 5 + 8 = 5*j. Suppose 0 = y - 0*y + j. Let w(r) = 7*r**2 - 2*r - 1. What is w(y)?
8
Let v(d) = -563*d**2 - 176*d + 34. Let k(m) = -921*m**2 - 293*m + 57. Let a(l) = -11*k(l) + 18*v(l). Determine a(18).
3
Let m(n) = -6*n**3 + 2*n**2 - 6*n + 8. Suppose -13*c = -18*c + 25. Let s(j) = -7*j**3 + j**2 - 6*j + 10. Let r(p) = c*s(p) - 6*m(p). Calculate r(6).
2
Let p(n) = -8*n + 18*n - 4*n + 8*n**2 - 18*n**2 + 9*n**2 - 1. Give p(4).
7
Let l(j) be the third derivative of -j**5/60 + j**4/2 - 31*j**3/6 + 29*j**2 - 8. Calculate l(6).
5
Let k(u) = u**3 + 6*u**2 - u + 2. Let z(c) = 7*c - 174. Suppose 2*s + s = -5*r + 120, 0 = -4*r + 2*s + 96. Let y be z(r). Determine k(y).
8
Let t(j) = -22*j**3 - 2*j**2 - j. Let b(f) = -f**3 - 6*f**2 - 12*f - 70. Let p be b(-6). Suppose 0 = 5*v - 3*d - 0 + 5, p = -2*v - 5*d. Give t(v).
21
Let l(u) = -39*u + 19. Let f(v) = 64*v - 33. Let x(s) = -3*f(s) - 5*l(s). Give x(0).
4
Let f(l) = 2*l**3 - 85*l**2 + 20*l + 21. Let r(u) = u**3 - 40*u**2 + 10*u + 10.